27
Suppose 0 = -2*v - 2*v + 4. Suppose -3 = -x + v. Suppose -675 = -5*i + c, 3*i - 388 = -0*i + x*c. Calculate the greatest common divisor of i and 17.
17
Let b = -129 + 467. Calculate the greatest common factor of 26 and b.
26
Suppose 0 = -4*k - 119 - 69. Let l = k - -62. What is the greatest common factor of l and 120?
15
Suppose 3*f + 442 = 5*x - 713, -2*x = 4*f - 488. Calculate the greatest common divisor of x and 52.
26
Suppose -15*d = 5*x - 11*d - 84, d = -5*x + 81. What is the greatest common divisor of 88 and x?
8
Let t(j) = 5*j + 9. Let x be t(-2). Let o be ((-8 - x) + 6)/(1/(-33)). What is the greatest common factor of 22 and o?
11
Let i(t) = t**3 + 18*t**2 + 12*t - 14. Let f be i(-17). What is the greatest common divisor of f and 213?
71
Suppose -3*y - 42 = -0. Let a = y + 32. Calculate the highest common divisor of a and 72.
18
Let x = 12 - 5. Let m be (x/(-5))/(7/(-455)). Calculate the highest common divisor of m and 13.
13
Let n = -616 + 620. Let f(u) = -u - 1. Let g be f(-3). Suppose 0 = -g*m + 6*m - 40. What is the greatest common divisor of n and m?
2
Suppose 17*s - 24*s = -693. Calculate the greatest common factor of 55 and s.
11
Suppose 18*v - 52920 = -17*v. Calculate the greatest common divisor of 21 and v.
21
Suppose 0 = -2*b + 4*k + 170, 2*b - 176 = 3*k - 7. Let w = b + -38. What is the greatest common factor of w and 225?
45
Let m(s) = -s**2 - 8*s + 13. Suppose 37 = -5*a - 3. Let u be m(a). Suppose 0*g = -4*g + 520. Calculate the greatest common divisor of u and g.
13
Let f be (-83)/(-4) - (-27)/(-36). Let s(z) = -z**3 - 11*z**2 - 3*z - 13. Let p be s(-11). Calculate the highest common divisor of p and f.
20
Suppose 7*m - 15750 = -18*m. What is the highest common divisor of 35 and m?
35
Suppose 0 = 5*i - 6 - 4. Let t be 2 - (-8)/(-6)*(-6)/4. What is the highest common divisor of i and t?
2
Let l(b) = -b + 32. Let c be 87/9 + (-2)/(-6). Let d be l(c). Let s(n) = 6*n**2 + 6*n - 4. Let u be s(5). Calculate the greatest common factor of d and u.
22
Let n = 43 + -42. Let q be 14/n*(-5)/(-2) + 0. Calculate the greatest common divisor of q and 14.
7
Let k be (-4 + 3 - -13)*(-4)/(-12). Suppose -k*y = -0*r - 3*r - 47, -5*r = 5*y - 85. What is the greatest common divisor of 42 and y?
14
Suppose -14 = -4*c - 3*w + 7, 0 = 2*w + 10. Calculate the greatest common factor of c and 27.
9
Let w(t) = t**2 + 19*t + 68. Let a be w(-4). Calculate the greatest common divisor of 88 and a.
8
Suppose 5*b - 32 = 33. Let h = 2 + b. Calculate the greatest common factor of 135 and h.
15
Let i be 4*((-504)/(-49) - (-2)/(-7)). What is the greatest common factor of 10 and i?
10
Let l = -94 - -97. Suppose -2*u + 10 = 0, -3*m - l*u = 2*m - 275. What is the highest common factor of 4 and m?
4
Let j(g) = -g**3 - 4*g**2. Let p be j(-2). Let k = 10 - p. Let z = -40 - -46. Calculate the highest common divisor of z and k.
6
Let r be 34 + (0 - -2) + -2. Let n = r + -17. Suppose 2*w + 3*x = 40, 6*x = 2*w + 11*x - 44. Calculate the highest common divisor of w and n.
17
Suppose -3*g = 3*n - 6 - 0, -g - 2*n - 2 = 0. Suppose 3*x = -0 + g. Suppose -3*a - 1 = 4*k, -x*a + 0 = 5*k + 3. Calculate the highest common divisor of a and 1.
1
Suppose 0 = 4*v + 2*h - 84, 0*v + h + 15 = v. Suppose d + 399 = 3*c, 3*d = -12*c + 7*c + 665. Calculate the greatest common divisor of v and c.
19
Suppose -97*x + 93 = -94*x. Calculate the highest common divisor of 527 and x.
31
Let n = 752 + -728. What is the greatest common divisor of n and 78?
6
Let p = -81 + 55. Let o be (-14)/91 + (-82)/p. Let u be -244*(-1)/2 + o. Calculate the highest common divisor of u and 25.
25
Suppose -13*q + 411 + 18 = 0. Calculate the highest common divisor of 33 and q.
33
Suppose 4*t - 23 = 3*f, -3*f - 2 = t - 4. Suppose 2*v = 5*l - 2*v - 166, -5*v = -t*l + 165. What is the highest common divisor of l and 17?
17
Let u = -27 + 27. Suppose -t = 3*l - 153, -t = -u*t - 3. Calculate the highest common divisor of l and 10.
10
Let t(a) = 4*a + 34. Let f be t(11). What is the greatest common factor of 130 and f?
26
Suppose -m = 5*x + 4559 - 15901, 5*x - 11350 = -5*m. Calculate the highest common factor of 28 and x.
28
Suppose 3*o + 10 = -4*r + 51, 0 = -2*r + 5*o + 1. Suppose 47 = r*z - 41. What is the highest common factor of 22 and z?
11
Let d(v) = 8*v**2 + v - 1. Let c be d(1). Let x be 3 - (4/(-2) - -1 - 3). Let p be (56/60)/x - (-958)/15. Calculate the greatest common divisor of c and p.
8
Let p(z) = -2*z + 2. Let w be p(-2). Suppose -9*r = -w*r. Suppose 5*a - 3*x - 300 = 0, -4*x + r*x = -20. Calculate the greatest common divisor of 21 and a.
21
Suppose 16*o - 3600 = 4*o. Calculate the highest common factor of 225 and o.
75
Let d be ((-14)/77 + (-86)/(-110))*20. What is the highest common divisor of d and 12?
12
Suppose 1824*h - 1809*h = 210. What is the greatest common factor of 406 and h?
14
Let b be (-39)/4 + (-3)/12. Let u be (-4)/b - (-176)/10. Let s = -763 - -808. What is the greatest common divisor of u and s?
9
Let c(r) = -17*r - 37. Let q be c(-7). Suppose 0 = -88*t + q*t + 228. What is the greatest common factor of 114 and t?
38
Let k be (-22)/(-1)*(-66)/2057*-17. Let u(l) = -l. Let r be u(-6). Calculate the highest common factor of k and r.
6
Let n = 378 + -105. Calculate the greatest common factor of n and 455.
91
Let c = -2 - 1. Let j be 6/9*c + 12. Let x(v) = -v + 11. Let m be x(j). Calculate the highest common factor of m and 5.
1
Let b be (-356)/(-20) + (-13)/(-65). Let s(j) = -8*j - 4. Let p be s(-5). Calculate the greatest common divisor of b and p.
18
Let w be -1*(-1585)/40 + (-3)/(-8). What is the greatest common divisor of w and 1?
1
Let v = -4 - -7. Let r be ((-3)/12)/(0 - 3/1356). Suppose 3*h + 39 - r = 5*z, -4*z + 20 = 0. Calculate the highest common divisor of v and h.
3
Suppose 218*x + 133280 = 252*x. What is the greatest common divisor of 40 and x?
40
Suppose 28 + 77 = 5*t. Let k be 4 + (2 - (2 + -4)) + -5. What is the highest common divisor of k and t?
3
Let a = -769 - -889. Calculate the highest common divisor of a and 384.
24
Let n(h) = -h**3 - 6*h**2 + 10*h - 13. Let x be (2 - 20/15)/((-3)/36). Let z be n(x). Calculate the highest common factor of 7 and z.
7
Let d = -66 - -85. Calculate the highest common divisor of 209 and d.
19
Suppose p + 4*p = 5*u + 50, -5*p + 29 = 2*u. Let s(r) = -2*r + 5. Let b be s(-4). Suppose 15 + b = 2*d. Calculate the greatest common factor of d and p.
7
Let g(v) = -v + 10. Let n be g(0). Suppose -6*s - 398 + 1478 = 0. Suppose s = 14*y - 5*y. Calculate the highest common divisor of n and y.
10
Let l = 29 - 15. Let z(k) = -k**3 + 14*k**2 + k + 13. Let d be z(l). Calculate the highest common factor of 18 and d.
9
Suppose 5*j + 5*f = 65, -2*j + 26 = -0*j - 2*f. Let u be ((-39)/j)/(6/(-4)). Calculate the greatest common divisor of 14 and u.
2
Suppose -4*y = -3*j - 3 - 0, 0 = -5*j + 5*y. Let m(a) = -6*a - 30. Let w be m(-7). Suppose 9*c = w*c - 99. Calculate the greatest common factor of c and j.
3
Suppose 6*h + h = 350 + 1365. Let j = 216 + -118. Calculate the greatest common factor of j and h.
49
Let j be ((-9)/(-6))/(1/2). Let g be 15/9*(-53 + 56). What is the greatest common divisor of g and j?
1
Suppose 2*l = 5*s - 281, -6*s + 7*s - 64 = 3*l. Suppose -4*o - 2*i + 47 = i, 4 = 4*i. What is the greatest common factor of s and o?
11
Let d(x) = -x**3 - 3*x**2 - 2*x. Let r be d(-2). Suppose r*z - 2*z = -54. Let w be (-6)/1 + 3 + 6. Calculate the highest common factor of w and z.
3
Let l be 6/(-4)*10/(-3). Suppose 3*q + l*s = -176, -3*q - s - 3*s - 175 = 0. Let d be 18/(-45) - q/5. What is the highest common divisor of 44 and d?
11
Suppose -13*m + 17*m = 0. Suppose 4*u + m*c - c - 186 = 0, 0 = -u + 2*c + 50. Suppose -u = 5*i - 241. What is the greatest common divisor of i and 13?
13
Let u = -209 - -227. Calculate the highest common factor of u and 1116.
18
Suppose 20 + 270 = 5*o. Suppose -61 + 3 = -2*c. Calculate the highest common divisor of c and o.
29
Suppose -h + 348 = -7*h. Let w = h - -69. Calculate the highest common factor of 121 and w.
11
Let s = 5 - 7. Let y be ((-495)/s)/((-3)/(-4)). Calculate the highest common factor of y and 30.
30
Suppose 3*l = 5*l - 30. Let m(a) = -a + 81. Suppose 2*q + 240 = -8*q. Let x be m(q). What is the highest common 